{"id":120,"date":"2018-09-05T05:46:26","date_gmt":"2018-09-05T05:46:26","guid":{"rendered":"https:\/\/www.franck-et-alize.wedding\/index.php\/contacts\/"},"modified":"2022-01-05T21:10:57","modified_gmt":"2022-01-05T20:10:57","slug":"contact","status":"publish","type":"page","link":"https:\/\/www.franck-et-alize.wedding\/index.php\/contact\/","title":{"rendered":"Contact"},"content":{"rendered":"[vc_row full_width=&#8221;stretch_row&#8221; bg_cws_size=&#8221;cover&#8221; add_layers=&#8221;1&#8243; extra_layer_position=&#8221;center center&#8221; extra_layer_repeat=&#8221;repeat&#8221; cws_layer_image=&#8221;1138&#8243; extra_layer_width=&#8221;100&#8243; extra_layer_height=&#8221;6&#8243;][vc_column]<div class=\"cws_spacing cws_spacing_size_sm_desctop-on cws_spacing_tablet-on cws_spacing_mobile-on\"><div class=\"cws_spacing cws_spacing_default\" style=\"height:90px;\"><\/div> <div class=\"cws_spacing cws_spacing_size_sm_desctop\" style=\"height:90px;\"><\/div> <div class=\"cws_spacing cws_spacing_tablet\" style=\"height:50px;\"><\/div> <div class=\"cws_spacing cws_spacing_mobile\" style=\"height:50px;\"><\/div><\/div><div class='cws_textmodule cws_vc_shortcode_module' id='cws_textmodule_69dd29c07e399'><div class='cws_textmodule_wrapper'><div class='cws_textmodule_text text_align_center'><div class='cws_textmodule_titles'><div class='cws_textmodule_subtitle_wrapper with_decor'><span class='subtitile_left_decor'><\/span><h4 class='cws_textmodule_subtitle'>POUR NOUS CONTACTER<\/h4><span class='subtitile_right_decor'><\/span><\/div><h3 class='cws_textmodule_title large'>C&#039;EST PAR ICI !<\/h3><\/div><\/div><\/div><\/div>[vc_row_inner css=&#8221;.vc_custom_1536820039503{padding-top: 30px !important;}&#8221;][vc_column_inner width=&#8221;1\/2&#8243; offset=&#8221;vc_col-lg-4 vc_col-md-6&#8243;]<div id='cws_info_69dd29c07e8f6' class='cws_info_wrapper star_divider  vc_custom_1632953766423' ><div class='cws_info_title'>Aliz\u00e9 Bersoux<\/div><div class='cws_info_img'><img src=https:\/\/www.franck-et-alize.wedding\/wp-content\/uploads\/2021\/09\/femme-silhouette.png alt=><\/div><div class='cws_content'><ul>\n<li>2B rue de Messines, 59237 VERLINGHEM<\/li>\n<li><a href=\"tel:+33605261646\">06.05.26.16.46<\/a><\/li>\n<li><a href=\"mailto:alizebersoux@gmail.com\">alizebersoux@gmail.com<\/a><\/li>\n<\/ul>\n<\/div><\/div>[\/vc_column_inner][vc_column_inner width=&#8221;1\/3&#8243; offset=&#8221;vc_hidden-md vc_hidden-sm vc_hidden-xs&#8221;]<div id='cws_info_69dd29c07ed96' class='cws_info_wrapper bg_in_border  vc_custom_1641413455398' style='border-image: url(https:\/\/www.franck-et-alize.wedding\/wp-content\/uploads\/2018\/09\/border_370x555.png) 12 round; '><div class='cws_info_title'>\u00c9crivez-nous !<\/div><div class='cws_content'><p style=\"text-align: center;\">Si vous avez la moindre question concernant l&#8217;organisation, l&#8217;h\u00e9bergement, les lieux \u00e0 visiter ou toute autre demande, n&#8217;h\u00e9sitez pas \u00e0 nous envoyer un petit message. Nous y r\u00e9pondrons \u00e9videmment avec plaisir !<\/p>\n<\/div><\/div>[\/vc_column_inner][vc_column_inner width=&#8221;1\/2&#8243; offset=&#8221;vc_col-lg-4 vc_col-md-6&#8243;]<div id='cws_info_69dd29c07f205' class='cws_info_wrapper star_divider  vc_custom_1632953495261' ><div class='cws_info_title'>Franck Wartel<\/div><div class='cws_info_img'><img src=https:\/\/www.franck-et-alize.wedding\/wp-content\/uploads\/2021\/09\/homme-silhouette.png alt=><\/div><div class='cws_content'><ul>\n<li>2B rue de Messines, 59237 VERLINGHEM<\/li>\n<li><a href=\"tel:+33621828099\">06.21.82.80.99<\/a><\/li>\n<li><a href=\"mailto:f.wartel@gmail.com\">f.wartel@gmail.com<\/a><\/li>\n<\/ul>\n<\/div><\/div>[\/vc_column_inner][\/vc_row_inner][vc_row_inner][vc_column_inner offset=&#8221;vc_hidden-lg vc_col-md-12&#8243;]<div id='cws_info_69dd29c07fcd9' class='cws_info_wrapper bg_in_border  vc_custom_1536730473268' style='border-image: url(https:\/\/www.franck-et-alize.wedding\/wp-content\/uploads\/2018\/09\/border_370x555.png) 12 round; '><div class='cws_info_title'>LET US KNOW!<\/div><div class='cws_content'><p style=\"text-align: center;\">Pellentesque malesuada justo fringilla blandit orci nulla auctor quis<\/p>\n<div role=\"form\" class=\"wpcf7\" id=\"wpcf7-f948-o1\" lang=\"en-US\" dir=\"ltr\">\n<div class=\"screen-reader-response\"><p role=\"status\" aria-live=\"polite\" aria-atomic=\"true\"><\/p> <ul><\/ul><\/div>\n<form action=\"\/index.php\/wp-json\/wp\/v2\/pages\/120#wpcf7-f948-o1\" method=\"post\" class=\"wpcf7-form init\" novalidate=\"novalidate\" data-status=\"init\">\n<div style=\"display: none;\">\n<input type=\"hidden\" name=\"_wpcf7\" value=\"948\" \/>\n<input type=\"hidden\" name=\"_wpcf7_version\" value=\"5.4.2\" \/>\n<input type=\"hidden\" name=\"_wpcf7_locale\" value=\"en_US\" \/>\n<input type=\"hidden\" name=\"_wpcf7_unit_tag\" value=\"wpcf7-f948-o1\" \/>\n<input type=\"hidden\" name=\"_wpcf7_container_post\" value=\"0\" \/>\n<input type=\"hidden\" name=\"_wpcf7_posted_data_hash\" value=\"\" \/>\n<\/div>\n<p><span class=\"wpcf7-form-control-wrap your-name\"><input type=\"text\" name=\"your-name\" value=\"\" size=\"40\" class=\"wpcf7-form-control wpcf7-text wpcf7-validates-as-required\" aria-required=\"true\" aria-invalid=\"false\" placeholder=\"Name*\" \/><\/span><\/p>\n<p><span class=\"wpcf7-form-control-wrap your-email\"><input type=\"email\" name=\"your-email\" value=\"\" size=\"40\" class=\"wpcf7-form-control wpcf7-text wpcf7-email wpcf7-validates-as-required wpcf7-validates-as-email\" aria-required=\"true\" aria-invalid=\"false\" placeholder=\"Email*\" \/><\/span><\/p>\n<p><span class=\"wpcf7-form-control-wrap your-message\"><textarea name=\"your-message\" cols=\"40\" rows=\"3\" class=\"wpcf7-form-control wpcf7-textarea\" aria-invalid=\"false\" placeholder=\"Your message\"><\/textarea><\/span><\/p>\n<p><input type=\"submit\" value=\"Send\" class=\"wpcf7-form-control wpcf7-submit cws_submit\" \/><\/p>\n<div class=\"wpcf7-response-output\" aria-hidden=\"true\"><\/div><\/form><\/div>\n<\/div><\/div>[\/vc_column_inner][\/vc_row_inner]<div class=\"cws_spacing cws_spacing_size_sm_desctop-on cws_spacing_tablet-on cws_spacing_mobile-on\"><div class=\"cws_spacing cws_spacing_default\" style=\"height:50px;\"><\/div> <div class=\"cws_spacing cws_spacing_size_sm_desctop\" style=\"height:50px;\"><\/div> <div class=\"cws_spacing cws_spacing_tablet\" style=\"height:50px;\"><\/div> <div class=\"cws_spacing cws_spacing_mobile\" style=\"height:20px;\"><\/div><\/div>[\/vc_column][\/vc_row][vc_row full_width=&#8221;stretch_row_content_no_spaces&#8221; disable_element=&#8221;yes&#8221;][vc_column][vc_column_text]<div id=\"wpgmza_map\" class=\"wpgmza_map\" data-settings='{\"id\":\"1\",\"map_title\":\"Enregistrer la carte\",\"map_width\":\"100\",\"map_height\":\"400\",\"map_start_lat\":\"36.778261\",\"map_start_lng\":\"-119.4179323999\",\"map_start_location\":\"45.950464398418106,-109.81550500000003\",\"map_start_zoom\":\"4\",\"default_marker\":\"\",\"type\":\"0\",\"alignment\":\"4\",\"directions_enabled\":\"0\",\"styling_enabled\":\"0\",\"styling_json\":\"\",\"active\":\"0\",\"kml\":\"\",\"bicycle\":\"0\",\"traffic\":\"0\",\"dbox\":\"0\",\"dbox_width\":\"\",\"listmarkers\":\"0\",\"listmarkers_advanced\":\"0\",\"filterbycat\":\"0\",\"ugm_enabled\":\"0\",\"ugm_category_enabled\":\"0\",\"fusion\":\"\",\"map_width_type\":\"%\",\"map_height_type\":\"px\",\"mass_marker_support\":\"0\",\"ugm_access\":\"0\",\"order_markers_by\":\"0\",\"order_markers_choice\":\"0\",\"show_user_location\":\"0\",\"default_to\":\"\",\"other_settings\":{\"map_type\":1,\"sl_stroke_color\":\"#FF0000\",\"sl_fill_color\":\"#FF0000\",\"sl_stroke_opacity\":1,\"sl_fill_opacity\":0.5,\"transport_layer\":null}}' data-map-id='1' Data-maps-engine='google-maps' data-shortcode-attributes='{\"id\":\"1\"}' style=\"display:block; overflow:auto; width:100%; height:400px; float:left;\"><\/div>[\/vc_column_text][\/vc_column][\/vc_row]\n","protected":false},"excerpt":{"rendered":"<p>[vc_row full_width=&#8221;stretch_row&#8221; bg_cws_size=&#8221;cover&#8221; add_layers=&#8221;1&#8243; extra_layer_position=&#8221;center center&#8221; extra_layer_repeat=&#8221;repeat&#8221; cws_layer_image=&#8221;1138&#8243; extra_layer_width=&#8221;100&#8243; extra_layer_height=&#8221;6&#8243;][vc_column][vc_row_inner css=&#8221;.vc_custom_1536820039503{padding-top: 30px !important;}&#8221;][vc_column_inner width=&#8221;1\/2&#8243; offset=&#8221;vc_col-lg-4 vc_col-md-6&#8243;][\/vc_column_inner][vc_column_inner width=&#8221;1\/3&#8243; offset=&#8221;vc_hidden-md vc_hidden-sm vc_hidden-xs&#8221;][\/vc_column_inner][vc_column_inner width=&#8221;1\/2&#8243; offset=&#8221;vc_col-lg-4 vc_col-md-6&#8243;][\/vc_column_inner][\/vc_row_inner][vc_row_inner][vc_column_inner offset=&#8221;vc_hidden-lg vc_col-md-12&#8243;][\/vc_column_inner][\/vc_row_inner][\/vc_column][\/vc_row][vc_row full_width=&#8221;stretch_row_content_no_spaces&#8221; disable_element=&#8221;yes&#8221;][vc_column][vc_column_text][\/vc_column_text][\/vc_column][\/vc_row]<\/p>\n","protected":false},"author":1,"featured_media":0,"parent":0,"menu_order":0,"comment_status":"closed","ping_status":"closed","template":"","meta":[],"_links":{"self":[{"href":"https:\/\/www.franck-et-alize.wedding\/index.php\/wp-json\/wp\/v2\/pages\/120"}],"collection":[{"href":"https:\/\/www.franck-et-alize.wedding\/index.php\/wp-json\/wp\/v2\/pages"}],"about":[{"href":"https:\/\/www.franck-et-alize.wedding\/index.php\/wp-json\/wp\/v2\/types\/page"}],"author":[{"embeddable":true,"href":"https:\/\/www.franck-et-alize.wedding\/index.php\/wp-json\/wp\/v2\/users\/1"}],"replies":[{"embeddable":true,"href":"https:\/\/www.franck-et-alize.wedding\/index.php\/wp-json\/wp\/v2\/comments?post=120"}],"version-history":[{"count":12,"href":"https:\/\/www.franck-et-alize.wedding\/index.php\/wp-json\/wp\/v2\/pages\/120\/revisions"}],"predecessor-version":[{"id":1469,"href":"https:\/\/www.franck-et-alize.wedding\/index.php\/wp-json\/wp\/v2\/pages\/120\/revisions\/1469"}],"wp:attachment":[{"href":"https:\/\/www.franck-et-alize.wedding\/index.php\/wp-json\/wp\/v2\/media?parent=120"}],"curies":[{"name":"wp","href":"https:\/\/api.w.org\/{rel}","templated":true}]}}